are the prime factors of z(-21)?
2, 5, 229
Suppose 5*n + 1 = 6*n, -2*n = -5*b + 2908. Suppose 5*a - b - 828 = 0. What are the prime factors of a?
2, 3, 47
Suppose 7*n + 35992 = 2*q + 3*n, 53994 = 3*q - 5*n. What are the prime factors of q?
2, 2251
Let s = 155129 + -108564. List the prime factors of s.
5, 67, 139
Suppose -798*u + 800*u = -q + 8772, -5*u + q = -21909. What are the prime factors of u?
3, 487
Suppose 13*p = 4*a + 17*p - 52, -p = -5. Suppose 27*n - a*n - 11229 = 0. List the prime factors of n.
3, 197
Let f = 11842 + 20664. List the prime factors of f.
2, 16253
Let k(c) = -c**3 - c**2 + 14. Let j be k(0). Suppose -12*a = -j*a + 8. Suppose 4*w + 103 = 2*r + 369, 192 = 3*w - a*r. List the prime factors of w.
2, 17
Suppose -4*t = -j + 10251, 5*j - 3*t - 46510 - 4660 = 0. List the prime factors of j.
13, 787
Suppose 12*l + 51*l - 606576 = 548907. What are the prime factors of l?
18341
Let c(k) = -54*k + 8. Let d be c(-3). Let j = -14 + d. What are the prime factors of j?
2, 3, 13
Let m(a) = -138*a**2 + a - 2. Let q be m(1). Let v = 78 + q. Let s = 63 + v. List the prime factors of s.
2
Let o(w) = -2*w**3 - 6*w**2 + 5*w. Let u(f) = -5*f + 8. Let i be u(15). Let y = i + 61. What are the prime factors of o(y)?
2, 3, 31
Suppose 106*l - 48*l + 76*l - 6775844 = 0. List the prime factors of l.
2, 131, 193
List the prime factors of -21*((-191710)/57 + -23).
7, 10159
Let l(q) = 102*q**2 + 106*q - 311. What are the prime factors of l(-25)?
3, 23, 881
Let q(j) = 18*j - 31. Let i be q(2). Let t(h) = h**3 + 3*h**2 - 3*h + 6. What are the prime factors of t(i)?
191
Let k be (-6)/(-15) + 48/80. List the prime factors of (2*(-40 + k))/((-10)/85).
3, 13, 17
Let p(n) = -n**2 + 22*n - 61. Let o be p(18). Suppose 0 = -2*r - 4*v + 468, -o*r = -8*r + 2*v - 698. List the prime factors of r.
2, 29
Let k = -32 + 35. Suppose -k*x + 13 = 4. Suppose -z - 287 = -3*a, -3*z = 6*a - x*a - 303. List the prime factors of a.
97
Suppose -2*o - 2*q = -4*q + 5624, q = 2*o + 5628. What are the prime factors of (-36)/(-16)*o/(-24)?
2, 3, 11
Let g = -25424 - -49475. What are the prime factors of g?
3, 8017
Let a(v) = 4*v**2 + 4*v - 41. Let f be a(-13). Let u = -90 + f. List the prime factors of u.
17, 29
Suppose 32*q - 18*q = 30898. Let a = q - 1018. List the prime factors of a.
29, 41
Let d(y) = -2*y**2 + 13*y - 40. Let q be d(21). Let u = -381 - q. What are the prime factors of u?
2, 67
Let h = 472 - 839. Let b = 219 - h. List the prime factors of b.
2, 293
Let m(h) = h**3 - 23*h**2 + 43*h - 20. Let l be m(21). Let u(c) = l - 3*c**2 + 2 - 6 - 25*c**3 - 83*c + 80*c. What are the prime factors of u(-2)?
191
Suppose -4 = -s + 282. Let o = s - -118. List the prime factors of o.
2, 101
Suppose -3*w + 27 + 80 = 2*x, -5*x + 240 = 2*w. Let k = -44 + x. List the prime factors of (4/(-1) + 130)/k.
3, 7
Let l(h) = h**3 - 4*h**2 - 4*h - 46. Let d be l(6). List the prime factors of ((-3102)/18 + d)/(1/(-3)).
7, 73
Let v = 14261 - -110. What are the prime factors of v?
7, 2053
Suppose -58816 = -5*s - t, -4*s - 3*t = -64726 + 17660. What are the prime factors of s?
2, 5881
Let t = -327 - -209. Let m = 798 + t. What are the prime factors of m?
2, 5, 17
Let r = 41 + -37. Suppose -43 = -0*g - g - 3*t, 116 = r*g - 2*t. Suppose g*p - 33*p + 350 = 0. List the prime factors of p.
5, 7
Let g be 1 + -3 + 225 - 4. Suppose -v - 3*v = 0. Suppose v = 4*h - h - g. List the prime factors of h.
73
Let i(y) = 35*y - 7. Let m = 127 - 126. What are the prime factors of i(m)?
2, 7
What are the prime factors of (-16062)/(-8)*(490/21 - 18)?
2, 2677
Let x(n) = 52*n**3 - 12*n**2 + 5*n + 31. Let s(m) = -26*m**3 + 7*m**2 - 2*m - 15. Let t(c) = -5*s(c) - 3*x(c). List the prime factors of t(-3).
2, 3, 59
Let n(c) = -c**2 - 4*c + 9. Let r be n(-8). Let j(x) = x + 49. Let i be j(r). Suppose -i + 458 = 3*b. List the prime factors of b.
2, 3
List the prime factors of 12/((-72)/(-5)) - 6733/(-6).
1123
Let r be 2 - (-568 - (-7 + 3)). Suppose -r = -3*q + 100. Suppose g - 3*f = 113, 3*f = -2*g + 8*f + q. List the prime factors of g.
101
Suppose -2 = h, -146*o = -148*o - 7*h + 8792. List the prime factors of o.
7, 17, 37
Suppose 0 = -65*m + 58*m + 1890. List the prime factors of (312/20)/(12/m).
3, 13
List the prime factors of 4504/3*(-6 - (14 + -23)).
2, 563
Let z(l) = -5 + 20*l - 3 - 2 + 6 + 3*l**2. Let o be z(-7). Suppose 0 = -o*q - 2*k + 502, -4*q - 56 = -k - 707. What are the prime factors of q?
2, 41
Let p(d) = 3*d + 6. Let k be p(5). Suppose 42*v - 7609 = -1057. Let o = v - k. What are the prime factors of o?
3, 5
Suppose 10022 = 5*t + i + 1572, 4*t - 6760 = -5*i. Let q = t - 760. List the prime factors of q.
2, 3, 5, 31
Let q(m) = 6*m + 2*m**2 - 2*m**2 - 3*m**2 + 5*m**2. List the prime factors of q(-15).
2, 3, 5
Let i = 108025 - 63156. List the prime factors of i.
11, 4079
Let p = 4573 - 2925. List the prime factors of p.
2, 103
Suppose 0 = -59*x + 2768 + 16171. Suppose -2*o + 285 = o. Let n = x - o. What are the prime factors of n?
2, 113
Suppose 7*s - 2*s = -2*h + 26524, 0 = 4*s + h - 21221. What are the prime factors of s?
2, 7, 379
Suppose 5*x - s - 37 = 0, -5*x - 3*s + 29 = -0*s. What are the prime factors of ((-50)/(-4) - x)*6?
3, 11
Let q(g) = -115*g + 28. Let b(a) = 115*a - 27. Let z(y) = 4*b(y) + 5*q(y). List the prime factors of z(-13).
3, 509
Let z = -20621 - -36211. What are the prime factors of z?
2, 5, 1559
Let q = -13388 - -19651. What are the prime factors of q?
6263
Suppose 42*u - 641 = 219*u - 408980. List the prime factors of u.
3, 769
Let p(t) = 15*t**3 + 6*t**2 + 9*t + 4. Let o be p(5). List the prime factors of (-72)/252 + o/7.
2, 37
Suppose -79*p - 21*p - 187*p = -13433322. What are the prime factors of p?
2, 3, 29, 269
Let o = 1630 + -729. What are the prime factors of o?
17, 53
Let p be 2*-3*3/9. What are the prime factors of ((-8)/p + -6)/(4/(-1822))?
911
Let x(d) = -2*d**3 + 8*d**2 + 11*d - 1. Let u(c) = 5*c - 5. Let l be u(2). Let y be x(l). What are the prime factors of y/3*(-126)/(-12)?
2, 7
Let a(i) = -26*i**2 - 41 + 9*i**2 + 10*i**2 + 18*i + 9*i**2. What are the prime factors of a(-17)?
3, 7, 11
Suppose 6*x - d + 30 = 2*x, d = 2*x + 16. List the prime factors of x + (2 - 6) + 228.
7, 31
Let l(d) = -4*d**3 - 24*d**2 + 26*d + 388. What are the prime factors of l(-24)?
2, 13, 61
Suppose -4*y + 5209 + 1189 = -p, -4799 = -3*y + p. List the prime factors of y/(-6 - -5)*4/(-12).
13, 41
Suppose -4*q = -4*d + 132, 0*q = 5*d + 4*q - 201. Let o = d - -84. List the prime factors of o.
11
Let y be 9*(-7 + (-114)/(-18)). List the prime factors of 1/(y*3/(-7578)).
421
List the prime factors of ((-13 - -7103) + 4 + (-2 - 4))*1.
2, 443
Suppose 4*f = g - 15820 - 9670, 2*g + f - 50971 = 0. What are the prime factors of g?
2, 12743
Let s(n) = 10 - n**2 - n**2 - 4 - 18*n + 4*n**2 + 0*n**2. Suppose -10 = -w - 1. What are the prime factors of s(w)?
2, 3
Let n(a) = 118*a + 335. Let h(f) = 40*f + 112. Let x(s) = 8*h(s) - 3*n(s). What are the prime factors of x(-12)?
13, 23
Let b(l) = 33*l**2 - 6*l + 7. Let p be b(1). Let q = p - 29. List the prime factors of q.
5
Let x = 52 - 43. Suppose x*w + 403 = -155. Let f = w + 193. List the prime factors of f.
131
Let k be 479 + ((-22)/99 - 76/(-18)). Suppose z - 2*m - k = 0, -3*z - 3*m + 1921 = z. List the prime factors of z.
13, 37
Suppose 250*l - 5433404 + 1781404 = 0. List the prime factors of l.
2, 11, 83
Let r = 16 - 10. Suppose 6 - r = 10*m. List the prime factors of (m - (-9)/6)*(-4)/(-2).
3
Let g(o) = -4*o**2 + 573*o + 74. List the prime factors of g(23).
7, 37, 43
Let v(t) = -t**3 - 4*t**2 - 3*t + 1. Let r be v(-3). Let c(u) = -2*u - 19 + 126*u**3 + 20 - 13*u**2 + 36*u**2 - 22*u**2. What are the prime factors of c(r)?
2, 3, 7
Suppose -5*g + 7*g = -3*g. Suppose g*x + 124 = 3*k + 2*x, 0 = 5*x + 5. Suppose -k = 2*j - 102. What are the prime factors of j?
2, 3, 5
Suppose -p + 2*g = 4, 0 = p + 3*g - 11 + 5. Let s be -1 + (597 - 16/(-4)). Suppose -h - 4*h + s = p. What are the prime factors of h?
2, 3, 5
Let v = 159744 + -108969. List the prime factors of v.
3, 5, 677
Let m(k) = -1483*k - 372. What are the prime factors of m(-8)?
2, 13, 17
Let c(v) = 3*v**2 - 3*v + 20550. Let n be c(0). Suppose -12*f + n = 13*f. What are the prime factors of f?
2, 3, 137
Let v(u